397.
1831, 249187
List the prime factors of 4796373656.
2, 709, 845623
What are the prime factors of 1270828267?
1270828267
What are the prime factors of 1939912571?
239, 311, 26099
What are the prime factors of 1514329438?
2, 757164719
List the prime factors of 1738512241.
1738512241
What are the prime factors of 2265620468?
2, 53, 10686889
List the prime factors of 234372583.
157, 1492819
What are the prime factors of 31167849?
3, 10389283
What are the prime factors of 16594815?
3, 5, 29, 38149
List the prime factors of 6302387337.
3, 131, 1091, 14699
List the prime factors of 33013815.
3, 5, 41, 53681
List the prime factors of 67746667.
37, 53, 179, 193
What are the prime factors of 5699368033?
5699368033
What are the prime factors of 7430095?
5, 1486019
What are the prime factors of 280436073?
3, 93478691
What are the prime factors of 369067122?
2, 3, 73, 157, 1789
What are the prime factors of 57292625?
5, 13, 35257
What are the prime factors of 35849676?
2, 3, 2987473
List the prime factors of 2885312274.
2, 3, 13, 36991183
List the prime factors of 44483123.
19, 2341217
What are the prime factors of 2768353572?
2, 3, 29, 7955039
What are the prime factors of 99505825?
5, 359, 11087
What are the prime factors of 192799404?
2, 3, 7, 487, 1571
List the prime factors of 520245372.
2, 3, 23, 1884947
List the prime factors of 849623576.
2, 2657, 39971
List the prime factors of 49951235.
5, 653, 15299
What are the prime factors of 290624145?
3, 5, 7, 395407
What are the prime factors of 394986572?
2, 9631, 10253
What are the prime factors of 110724587?
17, 6513211
What are the prime factors of 293139181?
1277, 229553
What are the prime factors of 418130943?
3, 7723, 18047
List the prime factors of 308761183.
7951, 38833
List the prime factors of 473008274.
2, 61, 199, 19483
List the prime factors of 46932760.
2, 5, 7, 31, 5407
List the prime factors of 80889138.
2, 3, 11, 136177
List the prime factors of 39132788.
2, 31, 401, 787
What are the prime factors of 576132544?
2, 13, 692467
List the prime factors of 116912914.
2, 4951, 11807
List the prime factors of 112076170.
2, 5, 73, 153529
What are the prime factors of 93011459?
93011459
What are the prime factors of 741761577?
3, 19, 1445929
List the prime factors of 3050891800.
2, 5, 11, 293, 4733
What are the prime factors of 2888780286?
2, 3, 7, 4337, 15859
What are the prime factors of 150518481?
3, 73, 687299
List the prime factors of 1615642093.
13, 124280161
List the prime factors of 492101999.
7523, 65413
What are the prime factors of 276456202?
2, 11, 31, 43, 857
What are the prime factors of 297119181?
3, 29, 1303, 2621
List the prime factors of 407161232.
2, 151, 168527
List the prime factors of 766766295.
3, 5, 23, 839, 883
List the prime factors of 169314997.
37, 1613, 2837
List the prime factors of 35976764.
2, 8994191
List the prime factors of 73711629.
3, 167, 49043
List the prime factors of 13479267.
3, 109, 41221
List the prime factors of 6429809403.
3, 26460121
What are the prime factors of 2696640?
2, 3, 5, 53
What are the prime factors of 1399670168?
2, 13, 83, 12473
What are the prime factors of 52184660?
2, 5, 11, 237203
List the prime factors of 6077682693.
3, 1289, 174631
List the prime factors of 1249020066.
2, 3, 7, 1097, 27109
List the prime factors of 100880836.
2, 7, 53, 67979
What are the prime factors of 742019868?
2, 3, 29, 43, 16529
List the prime factors of 5796860476.
2, 11, 23, 569, 10067
List the prime factors of 3652020375.
3, 5, 9738721
List the prime factors of 433156547.
19, 61, 337, 1109
What are the prime factors of 32258488?
2, 131, 30781
List the prime factors of 76045716.
2, 3, 79, 2971
List the prime factors of 192776523.
3, 607, 105863
List the prime factors of 3383975.
5, 7, 61, 317
What are the prime factors of 896704880?
2, 5, 53, 61, 3467
List the prime factors of 42514926.
2, 3, 17, 61, 6833
List the prime factors of 3025931110.
2, 5, 107, 2827973
List the prime factors of 438615078.
2, 3, 11, 4993
What are the prime factors of 93324348?
2, 3, 13, 199411
List the prime factors of 357651313.
541, 661093
List the prime factors of 1570815638.
2, 7, 337, 47563
List the prime factors of 419908269.
3, 11, 12724493
What are the prime factors of 49090958?
2, 7, 107, 32771
List the prime factors of 26998982.
2, 13499491
List the prime factors of 245635563.
3, 37, 59809
List the prime factors of 303828475.
5, 191, 63629
What are the prime factors of 524703985?
5, 13, 31, 260399
List the prime factors of 9902721.
3, 17, 281, 691
What are the prime factors of 5801787091?
89, 199, 327581
What are the prime factors of 358916192?
2, 61, 183871
What are the prime factors of 879846124?
2, 219961531
List the prime factors of 440706938.
2, 7, 19, 1656793
What are the prime factors of 1356722549?
7, 13, 37, 402947
List the prime factors of 470791113.
3, 13, 12071567
What are the prime factors of 88443150?
2, 3, 5, 41, 73, 197
What are the prime factors of 114659521?
281, 408041
List the prime factors of 215204727.
3, 71734909
What are the prime factors of 1680358?
2, 840179
List the prime factors of 587473522.
2, 17, 17278633
What are the prime factors of 26520712?
2, 37, 89597
What are the prime factors of 1363664092?
2, 7, 149, 311, 1051
What are the prime factors of 3862157901?
3, 7, 2099, 12517
List the prime factors of 378912369.
3, 11, 1481, 7753
What are the prime factors of 128793211?
1613, 79847
List the prime factors of 3559196288.
2, 827, 33623
What are the prime factors of 52034205?
3, 5, 1123, 3089
What are the prime factors of 1404489493?
11, 17, 359, 20921
What are the prime factors of 21661742?
2, 10830871
What are the prime factors of 155153099?
37, 4193327
What are the prime factors of 46181654?
2, 23, 593, 1693
List the prime factors of 9570491.
7, 223, 6131
List the prime factors of 3396656571.
3, 7, 11, 14704141
What are the prime factors of 17013718?
2, 47, 3851
List the prime factors of 802383587.
127, 1091, 5791
List the prime factors of 103227510.
2, 3, 5, 47, 179, 409
What are the prime factors of 237983970?
2, 3, 5, 7, 1133257
List the prime factors of 4388438.
2, 397, 5527
List the prime factors of 120439509.
3, 17, 41, 239, 241
What are the prime factors of 1527009715?
5, 7, 11, 32779
List the prime factors of 227269920.
2, 3, 5, 473479
What are the prime factors of 34834353?
3, 19, 37, 83, 199
What are the prime factors of 69093768?
2, 3, 53, 54319
List the prime factors of 101938907.
7, 2467, 5903
What are the prime factors of 92848318?
2, 37, 33911
What are the prime factors of 341602663?
341602663
What are the prime factors of 63345864?
2, 3, 23, 114757
List the prime factors of 886070553.
3, 29, 10184719
What are the prime factors of 333152416?
2, 10411013
List the prime factors of 10885495.
5, 31, 70229
List the prime factors of 1901453785.
5, 7, 11, 19, 13681
What are the prime factors of 239316119?
7, 73, 269, 1741
List the prime factors of 56384927.
991, 56897
What are the prime factors of 2572660948?
2, 11, 13, 41, 163, 673
List the prime factors of 150082546.
2, 67, 1120019
List the prime factors of 239446058.
2, 119723029
List the prime factors of 61689086.
2, 19, 83, 19559
List the prime factors of 400419045.
3, 5, 13, 101, 251
What are the prime factors of 8307476?
2, 2076869
List the prime factors of 514710948.
2, 3, 101, 424679
What are the prime factors of 146129071?
11, 31, 428531
List the prime factors of 3887127278.
2, 37, 61, 293, 2939
What are the prime factors of 5799927535?
5, 53, 83, 167, 1579
List the prime factors of 39699200.
2, 5, 6203
What are the prime factors of 4511523868?
2, 31, 36383257
List the prime factors of 1028182254.
2, 3, 11, 83, 113, 151
List the prime factors of 628722419.
13, 3720251
List the prime factors of 63764713.
63764713
What are the prime factors of 48027533?
17, 2825149
What are the prime factors of 450497436?
2, 3, 109, 344417
What are the prime factors of 2940581094?
2, 3, 11, 19, 123419
What are the prime factors of 669911240?
2, 5, 31, 540251
List the prime factors of 617776147.
617776147
What are the prime factors of 60758128?
2, 3797383
What are the prime factors of 3878764845?
3, 5, 73, 3542251
What are the prime factors of 383875971?
3, 1913, 66889
List the prime fa